{"id":468,"date":"2021-11-16T13:33:38","date_gmt":"2021-11-16T12:33:38","guid":{"rendered":"https:\/\/www.etude-derville.ch\/jurisprudence\/?page_id=468"},"modified":"2021-11-16T14:12:08","modified_gmt":"2021-11-16T13:12:08","slug":"liens-externes","status":"publish","type":"page","link":"https:\/\/www.etude-derville.ch\/jurisprudence\/liens-externes\/","title":{"rendered":"Liens externes"},"content":{"rendered":"<div class=\"the-content\"><p>Dispositions l\u00e9gales<\/p>\n<p><a href=\"https:\/\/www.fedlex.admin.ch\/eli\/cc\/1979\/1573_1573_1573\/fr\" target=\"_blank\" rel=\"noopener\">Loi f\u00e9d\u00e9rale sur l&rsquo;am\u00e9nagement du territoire (LAT)<\/a><br \/>\n<a href=\"https:\/\/www.fedlex.admin.ch\/eli\/cc\/2000\/310\/fr\" target=\"_blank\" rel=\"noopener\">Ordonnance sur l&rsquo;am\u00e9nagement du territoire (OAT)<\/a><br \/>\n<a href=\"https:\/\/prestations.vd.ch\/pub\/blv-publication\/actes\/consolide\/700.11?key=1620555329564&amp;id=94980419-1c0b-4c3e-bf5d-6d37d57902ec\" target=\"_blank\" rel=\"noopener\">Loi sur l&rsquo;am\u00e9nagement du territoire et les constructions (LATC)<\/a><br \/>\n<a href=\"https:\/\/prestations.vd.ch\/pub\/blv-publication\/actes\/consolide\/700.11.1?key=1620555357547&amp;id=12fdc2a6-5c95-4ad5-9433-0801702d6d2b\" target=\"_blank\" rel=\"noopener\">R\u00e8glement d&rsquo;application de la loi sur l&rsquo;am\u00e9nagement du territoire et les constructions (RLATC)<\/a><\/p>\n<p>Liens externes<\/p>\n<p><a href=\"https:\/\/prestations.vd.ch\/pub\/actiscamac\/101091\" target=\"_blank\" rel=\"noopener\">Registre CAMAC<\/a><br \/>\n<a href=\"https:\/\/www.faovd.ch\/\" target=\"_blank\" rel=\"noopener\">Feuille des avis officiels (FAO)<\/a><br \/>\n<a href=\"https:\/\/www.geo.vd.ch\/\" target=\"_blank\" rel=\"noopener\">Guichet cartographique cantonal<\/a><\/p>\n<\/div>","protected":false},"excerpt":{"rendered":"<p>Dispositions l\u00e9gales Loi f\u00e9d\u00e9rale sur l&rsquo;am\u00e9nagement du territoire (LAT) Ordonnance sur l&rsquo;am\u00e9nagement du territoire (OAT) Loi sur l&rsquo;am\u00e9nagement du territoire et les constructions (LATC) R\u00e8glement d&rsquo;application de la loi sur l&rsquo;am\u00e9nagement du territoire et les constructions (RLATC) Liens externes Registre CAMAC Feuille des avis officiels (FAO) Guichet cartographique cantonal<\/p>\n","protected":false},"author":1,"featured_media":0,"parent":0,"menu_order":0,"comment_status":"closed","ping_status":"closed","template":"","meta":{"footnotes":""},"class_list":["post-468","page","type-page","status-publish"],"_links":{"self":[{"href":"https:\/\/www.etude-derville.ch\/jurisprudence\/wp-json\/wp\/v2\/pages\/468","targetHints":{"allow":["GET"]}}],"collection":[{"href":"https:\/\/www.etude-derville.ch\/jurisprudence\/wp-json\/wp\/v2\/pages"}],"about":[{"href":"https:\/\/www.etude-derville.ch\/jurisprudence\/wp-json\/wp\/v2\/types\/page"}],"author":[{"embeddable":true,"href":"https:\/\/www.etude-derville.ch\/jurisprudence\/wp-json\/wp\/v2\/users\/1"}],"replies":[{"embeddable":true,"href":"https:\/\/www.etude-derville.ch\/jurisprudence\/wp-json\/wp\/v2\/comments?post=468"}],"version-history":[{"count":3,"href":"https:\/\/www.etude-derville.ch\/jurisprudence\/wp-json\/wp\/v2\/pages\/468\/revisions"}],"predecessor-version":[{"id":472,"href":"https:\/\/www.etude-derville.ch\/jurisprudence\/wp-json\/wp\/v2\/pages\/468\/revisions\/472"}],"wp:attachment":[{"href":"https:\/\/www.etude-derville.ch\/jurisprudence\/wp-json\/wp\/v2\/media?parent=468"}],"curies":[{"name":"wp","href":"https:\/\/api.w.org\/{rel}","templated":true}]}}